5 + -3)) - -4
8
What is the value of -34 + (28 - -9) + 4?
7
What is the value of 312 + -286 - (33 - -1)?
-8
What is -47 + -11 + (-14 - -44) + -1?
-29
Calculate (-3 + 0 - -5 - 1 - 2) + 3.
2
-2 + (3 - -1 - (73 + -60))
-11
What is -38 + (6 - 4) - -53?
17
What is the value of 4 + (-25 - (-32 - 6))?
17
-6 + (-10 - -4) - -15
3
What is the value of 16 + -25 + 27 - (-3 + -11)?
32
Calculate 0 + (0 - -3) - (-26 + -85 + 108).
6
What is (-3 - -4) + -5 + -4?
-8
Evaluate 55 - 26 - (-34 - -13 - -12).
38
What is the value of 16 - (16 - (-20 + (-2 - -15)))?
-7
49 - (-30 - -2 - -50)
27
Calculate -40 + 34 + 0 + 16.
10
9 - (8 + -5) - (39 - 39)
6
What is the value of 34 + (-44 - (0 - 12))?
2
Evaluate (21 - 5) + -18 - (5 - 18).
11
What is the value of 2 + (5 - 1) - (-27 + -28 - -65)?
-4
Calculate -4 + 16 + -20 + 10 + 9.
11
-18 - ((-21 - (2 + -9)) + 8)
-12
What is 41 - (-10 + 28) - -9?
32
Evaluate (1 - 38) + 6 - (-111 - -111).
-31
Calculate -1 - -14 - (20 - (-32 - -43)).
4
What is -15 + 8 + (-3 - 1 - -6)?
-5
Evaluate (7 - (5 - -2)) + 7 + -13 + 6.
0
Calculate 86 + -104 - (-7 - 26).
15
What is -4 - (4 + -5) - (-36 - -37)?
-4
-2 + 24 + (632 - 633)
21
What is (26 - -5) + -33 - (1 + 9)?
-12
Evaluate 34 + -20 - 23 - 2.
-11
What is the value of (25 + -20 - 30) + (-3 - -1 - -7)?
-20
Evaluate 3 + -4 + -12 + (13 - 21 - -13).
-8
Calculate 3 - (8 - (-7 - -14)).
2
What is the value of -21 + 15 + -15 - -32?
11
0 + -2 - (8 + (-8 - 8))
6
Evaluate -1 + 4 + 12 - 4.
11
Calculate (12 - (28 + -8)) + (-7 - 0).
-15
Evaluate -8 + 7 - (-3 + 6 + (5 - 2)).
-7
(-13 + 50 - 24) + -20
-7
20 - 24 - 29 - -15
-18
Calculate 32 - (-41 - (3 + -103)).
-27
Evaluate (2 - -16) + 73 + -101.
-10
Calculate (-20 - -10) + (1 - -23).
14
What is 647 + -619 + -12 + 0?
16
What is the value of (11 - 2 - -8) + -23?
-6
-61 - (-8 + -13 - 14)
-26
Evaluate -1 - -3 - (6 + (6 - -17)).
-27
Evaluate 42 + -14 + -15 + 11 - (1 + 6).
17
What is 19 - (-20 - -10 - -17)?
12
What is the value of (0 - (1 - -7)) + (2139 - 2126)?
5
Evaluate -1 + 2 + (-9 - ((-10 - -5) + 22)).
-25
What is (0 - -4) + 10 + (-44 - (-13 - -4))?
-21
2 + 9 - (-21 + 21) - 3
8
2 + 2 - (3 + -20 + 12)
9
What is the value of (-1 - -31) + -46 + -3 + 35?
16
What is (2 - (16 - 9)) + 5 + 14 + -2?
12
What is (12 - -1) + -10 + 1 + (-1 - 3)?
0
What is 5 - (1 - (6 + -6) - (-2 - -1))?
3
Evaluate -152 + 141 - (1 + 0).
-12
What is the value of 6 + 7 - 11 - 12?
-10
0 + 0 + -3 - (-12 + 17) - -12
4
What is 0 - -10 - (-4 - (3 - (-11 + 14)))?
14
Calculate (-30 - 3) + (7 + 11 + -25 - -16).
-24
What is the value of 1 - (-4 + 0 + (14 - -14) + 4)?
-27
What is 12 + -24 + 16 - (3 + -3)?
4
Evaluate (-8 + 4 - 6 - -1) + -3.
-12
(12 + -51 - -24) + (34 - 1)
18
What is the value of (6 + 2 - -9) + (13 - 3)?
27
(-3 - -3) + -14 + -10 + 19
-5
Evaluate (-208 - -203 - (-11 + 0)) + -3 + -13.
-10
Evaluate -11 + 1 + (13 - (2 + 9 + -10)).
2
45 + (-35 - 26) - (1 - 1)
-16
Calculate -10 - (1 + 3 + (0 + 6 - 8)).
-12
(15 - 2) + 3 + 161 + -158
19
What is the value of 11 - (-33 - (-14 + -9) - (0 + -7))?
14
What is the value of -1 + 2 + -3 + 2 + 18 + -10?
8
Calculate (18 - 15) + 4 + -7 - (1 + 15).
-16
What is 5 + -18 + (-1 - -11) + -6?
-9
Evaluate 0 + -5 - 3 - (-6 + -9 - -16).
-9
What is the value of -11 - (2 + 5 + (2 + 3 - 9))?
-14
Evaluate -183 + 198 - (15 - 0).
0
Evaluate 18 - 9 - (-5 - -18 - -1).
-5
What is the value of (-5 - (-2 - (1 + 5))) + 3?
6
-15 + -1 + (54 - -37 - 47)
28
86 - 88 - (1 - 6) - 9
-6
Calculate (0 - -34) + (-4 - -9 - -4 - 17).
26
Evaluate (-17 - -2) + (-37 - -48) + 8.
4
What is -13 - (-2 + 7 + (-8 - 4)) - -5?
-1
What is 2 + -1 + -19 + 8?
-10
Evaluate 12 - (12 + 2 + -11).
9
Evaluate 37 - 55 - ((-4 - 3) + -2).
-9
-4 + -10 + -2 - (2 - 3)
-15
What is the value of 36 + -3 - 6 - (3 - (3 - 4))?
23
Evaluate (-3 + 10 + -18 - 15) + 13.
-13
What is 1 + 15 + -32 + 18?
2
What is the value of 5 - ((5 - (-1 + -1)) + -2)?
0
Calculate (26 + -2 - 4) + 0 + -9.
11
What is -25 - -26 - (3 - (-3 - (4 + -5)))?
-4
What is the value of (319 - 322) + 0 + (0 - -3) - -6?
6
What is the value of 2 + 71 + -36 + -61?
-24
-3 - (-6 - ((-5 - 4) + 0))
-6
What is 31 - (1 + -8 + 24)?
14
What is 76 - 24 - 58 - ((2 - 1) + -22)?
15
Evaluate -2 - (-3 + (22 + -1 - (-2 + -1))).
-23
(-2 - -12) + 1 + -5 + 34 + -3
37
24 + (-1 - 4 - (-10 + -9 + 7))
31
Calculate 0 + 5 - (115 + -124).
14
What is the value of (-18 - -13) + -9 + 1?
-13
Calculate (-15 - -8 - -27) + -6 + (-19 - -14).
9
0 + -30 - (0 - 27)
-3
Calculate -91 - -94 - (0 + 2 - 1).
2
What is the value of 9 - (-7 + 3 + 6 + 5 - 19)?
21
What is the value of -25 + 3 + 13 - (5 - 19) - 34?
-29
What is the value of 11 + (-12 - -6) - (-9 - 0)?
14
What is the value of -3 + 4 - (-5 + 0)?
6
What is the value of 3 + -7 + -9 + 4 - 14?
-23
What is 17 + 1 + -1 - (-605 + 616)?
6
Evaluate (-8 + 6 - 17) + (13 - 9).
-15
What is 16 + -14 - (-5 + -4) - (1 - -8)?
2
What is -13 - (11 + -17) - (4 + 3)?
-14
Calculate -17 + (2 - (-7 - 3)).
-5
What is (321 - 360) + (1 - -22)?
-16
0 + 15 + (0 - (15 - (-24 - -37)))
13
What is the value of -23 + (52 - (-19 + 22))?
26
31 - (5 + -29 - -46)
9
3 - 8 - -4 - -13 - (5 + 0)
7
What is the value of (1 - 2) + 9 + -4 - -7?
11
What is the value of -16 - -20 - 4 - (9 + 1 - -2)?
-12
Evaluate -6 + 14 + -11 - -4.
1
What is (17 + -18 - 23) + 22?
-2
What is the value of -6 + 0 + 22 + -8 + -26?
-18
Evaluate (68 - 74) + 6 + 4 + (-1 - 0).
3
Calculate (-4 + -2 - (7 - 4 - 6)) + 1.
-2
373 + -381 + (3 + -2 + 3 - 1)
-5
Calculate -1 + 0 + (156 - 157).
-2
Evaluate 2 - 9 - -20 - (-3 - -2).
14
Evaluate -1 - (9 + -4 + -11) - 9 - -2.
-2
Evaluate -21 + (12 - -2) + 17.
10
What is the value of (4 - 7 - -10) + 0 + -2 + -3?
2
Evaluate (-6 - 4) + 1 + 1.
-8
What is the value of 2 + 0 - -3 - ((6 - 6) + 11)?
-6
What is the value of (-2 - -7) + 7 + (2 - -1)?
15
-21 - (-11 - -4) - (0 + -4)
-10
Evaluate -13 - (-9 - (-3 - (7 - 4))).
-10
What is (18 - 10) + -17 + -3 + 23?
11
What is 1 + 5 - 0 - (6 - 5 - 9)?
14
(-71 - -74) + (-1 + -2 - 1)
-1
Calculate (-16 - -13) + 18 - 11 - 9.
-5
What is -18 + 0 - (-13 + 5 + -20)?
10
What is (-1 - -16) + 14 + -3?
26
What is the value of 16 - (10 - (2 - -1)) - 1?
8
15 + -1 - (-218 - -220)
12
Evaluate (-1 - 9) + (-11 - (2 - 8) - -6).
-9
Evaluate -12 + -15 + -2 + 42 - 53.
-40
11 - (14 - 7 - (4 + -10 + 5))
3
10 + (-1 - 5) + -18 + 0 + 2
-12
Evaluate 5 - ((-6 - (-39 - 0) - -7) + 0).
-35
What is the value of 21 + -14 + -11 + 12 - 21?
-13
What is -67 - -59 - ((0 + -5 - -1) + 0)?
-4
-7 + 3 + (4 - (12 - 2))
-10
What is the value of 57 + -72 + -2 + (9 - -3)?
-5
What is the value of (1 - -5 - (-6 + 7)) + 2 + 5?
12
What is 9 - (2 + 3 - (3 + (-10 - -3)))?
0
Evaluate -30 + (-13 - -47) + -14.
-10
Evaluate 8 + (-53 - -2) + (9 - -1).
-33
Calculate -13 - -29 - 18 - -13.
11
-6 + (20 + -28 - -19)
5
-15 - (-6 - (-3 + 3) - -4)
-13
What is the value of (0 - (-14 + 13 + 0 + 3)) + -4?
-6
Calculate -5 + 16 + (-36 + 36 - (-1 - -2)).
10
Calculate -15 + -16 + 30 - -6.
5
202 + -208 + (0 - (0 + 5))
-11
What is -351 - -373 - (5 + 1)?
16
What is the value of -5 - -2 - (-88 + 83)?
2
What is -2 - -8 - -12 - 12?
6
Evaluate 11 + 32 + -29 + 0.
14
Calculate -17 + 12 + 5 + (3 - 0) + 1.
4
Calculate (-14 - 11) + 19 + 11.
5
What is the value of -37 + (13 - -30) - (-9 - -1)?
14
What is the value of 2 + 9 - (-5 + (21 - -8))?
-13
What is the value of 81 + -54 - (4 + -1)?
24
What is -25 + 11 + 15 + 6?
7
What is (-1 - 16) + -5 + (-19 - -11)?
-30
What is 10 + -23 + 48 + 0?
35
Evaluate 2 + 3 + 2 - 9.
-2
(0 - 2) + -32 + 1 + -1 + 12
-22
What is the value of 35 + -21 + -23 + 13?
4
Evaluate (12 + -10 + 2 - -9) + 6.
19
What is the value of (45 - 68) + (10 - -6)?
-7
What is the value of 21 + (-17 - (28 - 21))?
-3
Calculate 8 + (9 - (5 + 9)).
3
Calculate -17 - (-34 - -11 - -23).
-17
Evaluate (22 - (-39 + 61)) + (-13 - (2 + -1)).
-14
What is 1 + 2 - (16 - 1 - 17)?
5
What is the value of 39 - -2 - (-31 + 54)?
18
Calculate (7 - 16) + (-18 - -39).
12
Calculate -19 + 0 - (63 + -57) - (-5 - 3).
-17
What is the value of 8 + (-6 + -8 + 7 - -9)?
10
Calculate -48 + -58 + 106 - (0 + 1 - -22).
-23
Evaluate 6 + -1 + (-6 - 2 - (87 - 54)).
-36
Calculate 33 + -46 - -19 - (-11 + 0).
17
What is the value of (77 + -88 - (-1 - -2)) + 48?
36
Evaluate -1 - (1 - (-1 - (6 - 18))).
9
What is the value of (6 - (3 + -8 - -9) - 7) + -6?
-11
17 + 19 + -12